{"id":1344,"date":"2026-02-24T13:12:11","date_gmt":"2026-02-24T12:12:11","guid":{"rendered":"https:\/\/marvimo.com\/?page_id=1344"},"modified":"2026-02-25T23:57:48","modified_gmt":"2026-02-25T22:57:48","slug":"avis-legal","status":"publish","type":"page","link":"https:\/\/marvimo.com\/?page_id=1344","title":{"rendered":"Av\u00eds Legal"},"content":{"rendered":"<style>.elementor-1344 .elementor-element.elementor-element-c76092b{--display:flex;--padding-top:0em;--padding-bottom:5em;--padding-left:0em;--padding-right:0em;}@media(max-width:1024px){.elementor-1344 .elementor-element.elementor-element-c76092b{--padding-top:0em;--padding-bottom:4em;--padding-left:4em;--padding-right:4em;}}@media(max-width:767px){.elementor-1344 .elementor-element.elementor-element-c76092b{--margin-top:-2em;--margin-bottom:1em;--margin-left:0em;--margin-right:0em;--padding-top:0em;--padding-bottom:1em;--padding-left:1em;--padding-right:1em;}}<\/style>\t\t<div data-elementor-type=\"wp-page\" data-elementor-id=\"1344\" class=\"elementor elementor-1344\" data-elementor-post-type=\"page\">\n\t\t\t\t<div class=\"elementor-element elementor-element-c76092b e-flex e-con-boxed e-con e-parent\" data-id=\"c76092b\" data-element_type=\"container\" data-e-type=\"container\">\n\t\t\t\t\t<div class=\"e-con-inner\">\n\t\t\t\t<div class=\"elementor-element elementor-element-9d15cd8 elementor-widget elementor-widget-text-editor\" data-id=\"9d15cd8\" data-element_type=\"widget\" data-e-type=\"widget\" data-widget_type=\"text-editor.default\">\n\t\t\t\t\t\t\t\t\t<h1><span style=\"color: #333333;\"><b>Av\u00eds legal<\/b><\/span><\/h1><p><span style=\"color: #333333;\"><b>Titular del lloc web<\/b><\/span><\/p><p><span style=\"font-weight: 400; color: #333333;\">En compliment amb el deure d\u2019informaci\u00f3 establert a la Llei 34\/2002, de serveis de la societat de la informaci\u00f3 i del comer\u00e7 electr\u00f2nic (LSSI-CE), s\u2019informa que aquest lloc web \u00e9s titularitat de:<\/span><\/p><ul><li style=\"font-weight: 400;\" aria-level=\"1\"><span style=\"color: #333333;\"><b>Ra\u00f3 social:<\/b><span style=\"font-weight: 400;\"> Marvimo Hospitality, S.L.<\/span><\/span><\/li><li style=\"font-weight: 400;\" aria-level=\"1\"><span style=\"color: #333333;\"><b>NIF<\/b><span style=\"font-weight: 400;\">: B25992009<\/span><\/span><\/li><li style=\"font-weight: 400;\" aria-level=\"1\"><span style=\"color: #333333;\"><b>Domicili social:<\/b><span style=\"font-weight: 400;\"> Carrer Tarragona, 157 4a Planta, 08014 Barcelona\u00a0<\/span><\/span><\/li><li style=\"font-weight: 400;\" aria-level=\"1\"><span style=\"color: #333333;\"><b>Correu electr\u00f2nic:<\/b><a style=\"color: #333333;\" href=\"mailto:hola@marvimo.com\"><span style=\"font-weight: 400;\"> hola@marvimo.com<\/span><\/a><\/span><\/li><\/ul><p><span style=\"color: #333333;\"><b>Objecte del lloc web<\/b><\/span><\/p><p><span style=\"font-weight: 400; color: #333333;\">Aquest lloc web t\u00e9 com a objectiu informar sobre els serveis professionals de consultoria operativa i direcci\u00f3 d\u2019operacions externa oferts per Marvimo Hosp\u00ectality, S.L.<\/span><\/p><p><span style=\"color: #333333;\"><b>Responsabilitat<\/b><\/span><\/p><p><span style=\"font-weight: 400; color: #333333;\">Marvimo Hospitality, S.L. no es fa responsable del mal \u00fas que es pugui fer dels continguts del lloc web, ni dels danys derivats de l\u2019acc\u00e9s o \u00fas de la informaci\u00f3 publicada.<\/span><\/p><p><span style=\"color: #333333;\"><b>Propietat intel\u00b7lectual<\/b><\/span><\/p><p><span style=\"font-weight: 400; color: #333333;\">Tots els continguts del lloc web (textos, imatges, disseny, marca, estructura) s\u00f3n propietat de Marvimo Hospitality, S.L. o de tercers autoritzats, i estan protegits per la normativa vigent de propietat intel\u00b7lectual i industrial.<\/span><\/p>\t\t\t\t\t\t\t\t<\/div>\n\t\t\t\t\t<\/div>\n\t\t\t\t<\/div>\n\t\t\t\t<\/div>\n\t\t","protected":false},"excerpt":{"rendered":"<p>Av\u00eds legal Titular del lloc web En compliment amb el deure d\u2019informaci\u00f3 establert a la Llei 34\/2002, de serveis de la societat de la informaci\u00f3 i del comer\u00e7 electr\u00f2nic (LSSI-CE), s\u2019informa que aquest lloc web \u00e9s titularitat de: Ra\u00f3 social: Marvimo Hospitality, S.L. NIF: B25992009 Domicili social: Carrer Tarragona, 157 4a Planta, 08014 Barcelona\u00a0 Correu [&hellip;]<\/p>\n","protected":false},"author":2,"featured_media":0,"parent":0,"menu_order":0,"comment_status":"closed","ping_status":"closed","template":"","meta":{"footnotes":""},"class_list":["post-1344","page","type-page","status-publish","hentry"],"yoast_head":"<!-- This site is optimized with the Yoast SEO plugin v27.0 - https:\/\/yoast.com\/product\/yoast-seo-wordpress\/ -->\n<title>Av\u00eds Legal - Marvimo Hospitality<\/title>\n<meta name=\"robots\" content=\"index, follow, max-snippet:-1, max-image-preview:large, max-video-preview:-1\" \/>\n<link rel=\"canonical\" href=\"https:\/\/marvimo.com\/?page_id=1344\" \/>\n<meta property=\"og:locale\" content=\"es_ES\" \/>\n<meta property=\"og:type\" content=\"article\" \/>\n<meta property=\"og:title\" content=\"Av\u00eds Legal - Marvimo Hospitality\" \/>\n<meta property=\"og:description\" content=\"Av\u00eds legal Titular del lloc web En compliment amb el deure d\u2019informaci\u00f3 establert a la Llei 34\/2002, de serveis de la societat de la informaci\u00f3 i del comer\u00e7 electr\u00f2nic (LSSI-CE), s\u2019informa que aquest lloc web \u00e9s titularitat de: Ra\u00f3 social: Marvimo Hospitality, S.L. NIF: B25992009 Domicili social: Carrer Tarragona, 157 4a Planta, 08014 Barcelona\u00a0 Correu [&hellip;]\" \/>\n<meta property=\"og:url\" content=\"https:\/\/marvimo.com\/?page_id=1344\" \/>\n<meta property=\"og:site_name\" content=\"Marvimo Hospitality\" \/>\n<meta property=\"article:modified_time\" content=\"2026-02-25T22:57:48+00:00\" \/>\n<meta name=\"twitter:card\" content=\"summary_large_image\" \/>\n<meta name=\"twitter:label1\" content=\"Tiempo de lectura\" \/>\n\t<meta name=\"twitter:data1\" content=\"1 minuto\" \/>\n<script type=\"application\/ld+json\" class=\"yoast-schema-graph\">{\"@context\":\"https:\/\/schema.org\",\"@graph\":[{\"@type\":\"WebPage\",\"@id\":\"https:\/\/marvimo.com\/?page_id=1344\",\"url\":\"https:\/\/marvimo.com\/?page_id=1344\",\"name\":\"Av\u00eds Legal - Marvimo Hospitality\",\"isPartOf\":{\"@id\":\"https:\/\/marvimo.com\/#website\"},\"datePublished\":\"2026-02-24T12:12:11+00:00\",\"dateModified\":\"2026-02-25T22:57:48+00:00\",\"breadcrumb\":{\"@id\":\"https:\/\/marvimo.com\/?page_id=1344#breadcrumb\"},\"inLanguage\":\"es\",\"potentialAction\":[{\"@type\":\"ReadAction\",\"target\":[\"https:\/\/marvimo.com\/?page_id=1344\"]}]},{\"@type\":\"BreadcrumbList\",\"@id\":\"https:\/\/marvimo.com\/?page_id=1344#breadcrumb\",\"itemListElement\":[{\"@type\":\"ListItem\",\"position\":1,\"name\":\"Portada\",\"item\":\"https:\/\/marvimo.com\/\"},{\"@type\":\"ListItem\",\"position\":2,\"name\":\"Av\u00eds Legal\"}]},{\"@type\":\"WebSite\",\"@id\":\"https:\/\/marvimo.com\/#website\",\"url\":\"https:\/\/marvimo.com\/\",\"name\":\"Marvimo Hospitality\",\"description\":\"Consultoria y Advisory de Operaciones para Restauraci\u00f3n\",\"potentialAction\":[{\"@type\":\"SearchAction\",\"target\":{\"@type\":\"EntryPoint\",\"urlTemplate\":\"https:\/\/marvimo.com\/?s={search_term_string}\"},\"query-input\":{\"@type\":\"PropertyValueSpecification\",\"valueRequired\":true,\"valueName\":\"search_term_string\"}}],\"inLanguage\":\"es\"}]}<\/script>\n<!-- \/ Yoast SEO plugin. -->","yoast_head_json":{"title":"Av\u00eds Legal - Marvimo Hospitality","robots":{"index":"index","follow":"follow","max-snippet":"max-snippet:-1","max-image-preview":"max-image-preview:large","max-video-preview":"max-video-preview:-1"},"canonical":"https:\/\/marvimo.com\/?page_id=1344","og_locale":"es_ES","og_type":"article","og_title":"Av\u00eds Legal - Marvimo Hospitality","og_description":"Av\u00eds legal Titular del lloc web En compliment amb el deure d\u2019informaci\u00f3 establert a la Llei 34\/2002, de serveis de la societat de la informaci\u00f3 i del comer\u00e7 electr\u00f2nic (LSSI-CE), s\u2019informa que aquest lloc web \u00e9s titularitat de: Ra\u00f3 social: Marvimo Hospitality, S.L. NIF: B25992009 Domicili social: Carrer Tarragona, 157 4a Planta, 08014 Barcelona\u00a0 Correu [&hellip;]","og_url":"https:\/\/marvimo.com\/?page_id=1344","og_site_name":"Marvimo Hospitality","article_modified_time":"2026-02-25T22:57:48+00:00","twitter_card":"summary_large_image","twitter_misc":{"Tiempo de lectura":"1 minuto"},"schema":{"@context":"https:\/\/schema.org","@graph":[{"@type":"WebPage","@id":"https:\/\/marvimo.com\/?page_id=1344","url":"https:\/\/marvimo.com\/?page_id=1344","name":"Av\u00eds Legal - Marvimo Hospitality","isPartOf":{"@id":"https:\/\/marvimo.com\/#website"},"datePublished":"2026-02-24T12:12:11+00:00","dateModified":"2026-02-25T22:57:48+00:00","breadcrumb":{"@id":"https:\/\/marvimo.com\/?page_id=1344#breadcrumb"},"inLanguage":"es","potentialAction":[{"@type":"ReadAction","target":["https:\/\/marvimo.com\/?page_id=1344"]}]},{"@type":"BreadcrumbList","@id":"https:\/\/marvimo.com\/?page_id=1344#breadcrumb","itemListElement":[{"@type":"ListItem","position":1,"name":"Portada","item":"https:\/\/marvimo.com\/"},{"@type":"ListItem","position":2,"name":"Av\u00eds Legal"}]},{"@type":"WebSite","@id":"https:\/\/marvimo.com\/#website","url":"https:\/\/marvimo.com\/","name":"Marvimo Hospitality","description":"Consultoria y Advisory de Operaciones para Restauraci\u00f3n","potentialAction":[{"@type":"SearchAction","target":{"@type":"EntryPoint","urlTemplate":"https:\/\/marvimo.com\/?s={search_term_string}"},"query-input":{"@type":"PropertyValueSpecification","valueRequired":true,"valueName":"search_term_string"}}],"inLanguage":"es"}]}},"_links":{"self":[{"href":"https:\/\/marvimo.com\/index.php?rest_route=\/wp\/v2\/pages\/1344","targetHints":{"allow":["GET"]}}],"collection":[{"href":"https:\/\/marvimo.com\/index.php?rest_route=\/wp\/v2\/pages"}],"about":[{"href":"https:\/\/marvimo.com\/index.php?rest_route=\/wp\/v2\/types\/page"}],"author":[{"embeddable":true,"href":"https:\/\/marvimo.com\/index.php?rest_route=\/wp\/v2\/users\/2"}],"replies":[{"embeddable":true,"href":"https:\/\/marvimo.com\/index.php?rest_route=%2Fwp%2Fv2%2Fcomments&post=1344"}],"version-history":[{"count":19,"href":"https:\/\/marvimo.com\/index.php?rest_route=\/wp\/v2\/pages\/1344\/revisions"}],"predecessor-version":[{"id":1447,"href":"https:\/\/marvimo.com\/index.php?rest_route=\/wp\/v2\/pages\/1344\/revisions\/1447"}],"wp:attachment":[{"href":"https:\/\/marvimo.com\/index.php?rest_route=%2Fwp%2Fv2%2Fmedia&parent=1344"}],"curies":[{"name":"wp","href":"https:\/\/api.w.org\/{rel}","templated":true}]}}