{"id":1365,"date":"2026-02-24T13:16:07","date_gmt":"2026-02-24T12:16:07","guid":{"rendered":"https:\/\/marvimo.com\/?page_id=1365"},"modified":"2026-02-25T23:57:34","modified_gmt":"2026-02-25T22:57:34","slug":"condicions-estandard-de-serveis","status":"publish","type":"page","link":"https:\/\/marvimo.com\/?page_id=1365","title":{"rendered":"Condicions est\u00e0ndard de serveis"},"content":{"rendered":"<style>.elementor-1365 .elementor-element.elementor-element-ca90e3c{--display:flex;--padding-top:0em;--padding-bottom:5em;--padding-left:0em;--padding-right:0em;}@media(max-width:1024px){.elementor-1365 .elementor-element.elementor-element-ca90e3c{--padding-top:0em;--padding-bottom:4em;--padding-left:4em;--padding-right:4em;}}@media(max-width:767px){.elementor-1365 .elementor-element.elementor-element-ca90e3c{--margin-top:-8em;--margin-bottom:1em;--margin-left:0em;--margin-right:0em;--padding-top:0em;--padding-bottom:1em;--padding-left:1em;--padding-right:1em;}}<\/style>\t\t<div data-elementor-type=\"wp-page\" data-elementor-id=\"1365\" class=\"elementor elementor-1365\" data-elementor-post-type=\"page\">\n\t\t\t\t<div class=\"elementor-element elementor-element-ca90e3c e-flex e-con-boxed e-con e-parent\" data-id=\"ca90e3c\" data-element_type=\"container\" data-e-type=\"container\">\n\t\t\t\t\t<div class=\"e-con-inner\">\n\t\t\t\t<div class=\"elementor-element elementor-element-3695df8 elementor-widget elementor-widget-text-editor\" data-id=\"3695df8\" data-element_type=\"widget\" data-e-type=\"widget\" data-widget_type=\"text-editor.default\">\n\t\t\t\t\t\t\t\t\t<h1><span style=\"color: #333333;\"><b>Condicions est\u00e0ndard de serveis<\/b><\/span><\/h1><p><span style=\"font-weight: 400; color: #333333;\">questes condicions s\u2019apliquen als serveis professionals prestats per Marvimo, llevat que s\u2019acordi el contrari per escrit.<\/span><\/p><p><span style=\"color: #333333;\"><b>Naturalesa del servei<\/b><\/span><\/p><p><span style=\"font-weight: 400; color: #333333;\">Marvimo presta serveis de consultoria operativa, direcci\u00f3 d\u2019operacions externa i acompanyament directiu. Els serveis es basen en criteri professional, experi\u00e8ncia i dedicaci\u00f3, per\u00f2 no garanteixen resultats econ\u00f2mics concrets.<\/span><\/p><p><span style=\"color: #333333;\"><b>Obligacions de Marvimo<\/b><\/span><\/p><ul><li style=\"font-weight: 400;\" aria-level=\"1\"><span style=\"font-weight: 400; color: #333333;\">Prestar els serveis amb dilig\u00e8ncia professional<\/span><\/li><li style=\"font-weight: 400;\" aria-level=\"1\"><span style=\"font-weight: 400; color: #333333;\">Actuar amb criteri operatiu i confidencialitat<\/span><\/li><li style=\"font-weight: 400;\" aria-level=\"1\"><span style=\"font-weight: 400; color: #333333;\">Informar de manera clara sobre l\u2019evoluci\u00f3 del projecte<\/span><\/li><\/ul><p><span style=\"color: #333333;\"><b>Obligacions del client<\/b><\/span><\/p><ul><li style=\"font-weight: 400;\" aria-level=\"1\"><span style=\"font-weight: 400; color: #333333;\">Facilitar informaci\u00f3 vera\u00e7 i rellevant<\/span><\/li><li style=\"font-weight: 400;\" aria-level=\"1\"><span style=\"font-weight: 400; color: #333333;\">Permetre l\u2019acc\u00e9s a les dades i equips necessaris<\/span><\/li><li style=\"font-weight: 400;\" aria-level=\"1\"><span style=\"color: #333333;\"><span style=\"color: #333333;\"><span style=\"font-weight: 400;\">Complir amb els acords econ\u00f2mics establerts<\/span><\/span><\/span><p>\u00a0<\/p><\/li><\/ul><p><span style=\"color: #333333;\"><b>Confidencialitat<\/b><\/span><\/p><p><span style=\"font-weight: 400; color: #333333;\">Tota la informaci\u00f3 compartida durant la relaci\u00f3 professional es considera confidencial.<\/span><\/p><p><span style=\"color: #333333;\"><b>Limitaci\u00f3 de responsabilitat<\/b><\/span><\/p><p><span style=\"font-weight: 400; color: #333333;\">Marvimo no ser\u00e0 responsable de decisions preses pel client que no s\u2019ajustin a les recomanacions o criteris acordats.<\/span><\/p><p><span style=\"color: #333333;\"><b>Llei aplicable i jurisdicci\u00f3<\/b><\/span><\/p><p><span style=\"font-weight: 400; color: #333333;\">Aquestes condicions es regeixen per la legislaci\u00f3 espanyola. Qualsevol conflicte se sotmetr\u00e0 als jutjats i tribunals de Barcelona.<\/span><\/p>\t\t\t\t\t\t\t\t<\/div>\n\t\t\t\t\t<\/div>\n\t\t\t\t<\/div>\n\t\t\t\t<\/div>\n\t\t","protected":false},"excerpt":{"rendered":"<p>Condicions est\u00e0ndard de serveis questes condicions s\u2019apliquen als serveis professionals prestats per Marvimo, llevat que s\u2019acordi el contrari per escrit. Naturalesa del servei Marvimo presta serveis de consultoria operativa, direcci\u00f3 d\u2019operacions externa i acompanyament directiu. Els serveis es basen en criteri professional, experi\u00e8ncia i dedicaci\u00f3, per\u00f2 no garanteixen resultats econ\u00f2mics concrets. Obligacions de Marvimo Prestar [&hellip;]<\/p>\n","protected":false},"author":2,"featured_media":0,"parent":0,"menu_order":0,"comment_status":"closed","ping_status":"closed","template":"","meta":{"footnotes":""},"class_list":["post-1365","page","type-page","status-publish","hentry"],"yoast_head":"<!-- This site is optimized with the Yoast SEO plugin v27.0 - https:\/\/yoast.com\/product\/yoast-seo-wordpress\/ -->\n<title>Condicions est\u00e0ndard de serveis - Marvimo Hospitality<\/title>\n<meta name=\"robots\" content=\"index, follow, max-snippet:-1, max-image-preview:large, max-video-preview:-1\" \/>\n<link rel=\"canonical\" href=\"https:\/\/marvimo.com\/?page_id=1365\" \/>\n<meta property=\"og:locale\" content=\"es_ES\" \/>\n<meta property=\"og:type\" content=\"article\" \/>\n<meta property=\"og:title\" content=\"Condicions est\u00e0ndard de serveis - Marvimo Hospitality\" \/>\n<meta property=\"og:description\" content=\"Condicions est\u00e0ndard de serveis questes condicions s\u2019apliquen als serveis professionals prestats per Marvimo, llevat que s\u2019acordi el contrari per escrit. Naturalesa del servei Marvimo presta serveis de consultoria operativa, direcci\u00f3 d\u2019operacions externa i acompanyament directiu. Els serveis es basen en criteri professional, experi\u00e8ncia i dedicaci\u00f3, per\u00f2 no garanteixen resultats econ\u00f2mics concrets. Obligacions de Marvimo Prestar [&hellip;]\" \/>\n<meta property=\"og:url\" content=\"https:\/\/marvimo.com\/?page_id=1365\" \/>\n<meta property=\"og:site_name\" content=\"Marvimo Hospitality\" \/>\n<meta property=\"article:modified_time\" content=\"2026-02-25T22:57:34+00:00\" \/>\n<meta name=\"twitter:card\" content=\"summary_large_image\" \/>\n<meta name=\"twitter:label1\" content=\"Tiempo de lectura\" \/>\n\t<meta name=\"twitter:data1\" content=\"1 minuto\" \/>\n<script type=\"application\/ld+json\" class=\"yoast-schema-graph\">{\"@context\":\"https:\/\/schema.org\",\"@graph\":[{\"@type\":\"WebPage\",\"@id\":\"https:\/\/marvimo.com\/?page_id=1365\",\"url\":\"https:\/\/marvimo.com\/?page_id=1365\",\"name\":\"Condicions est\u00e0ndard de serveis - Marvimo Hospitality\",\"isPartOf\":{\"@id\":\"https:\/\/marvimo.com\/#website\"},\"datePublished\":\"2026-02-24T12:16:07+00:00\",\"dateModified\":\"2026-02-25T22:57:34+00:00\",\"breadcrumb\":{\"@id\":\"https:\/\/marvimo.com\/?page_id=1365#breadcrumb\"},\"inLanguage\":\"es\",\"potentialAction\":[{\"@type\":\"ReadAction\",\"target\":[\"https:\/\/marvimo.com\/?page_id=1365\"]}]},{\"@type\":\"BreadcrumbList\",\"@id\":\"https:\/\/marvimo.com\/?page_id=1365#breadcrumb\",\"itemListElement\":[{\"@type\":\"ListItem\",\"position\":1,\"name\":\"Portada\",\"item\":\"https:\/\/marvimo.com\/\"},{\"@type\":\"ListItem\",\"position\":2,\"name\":\"Condicions est\u00e0ndard de serveis\"}]},{\"@type\":\"WebSite\",\"@id\":\"https:\/\/marvimo.com\/#website\",\"url\":\"https:\/\/marvimo.com\/\",\"name\":\"Marvimo Hospitality\",\"description\":\"Consultoria y Advisory de Operaciones para Restauraci\u00f3n\",\"potentialAction\":[{\"@type\":\"SearchAction\",\"target\":{\"@type\":\"EntryPoint\",\"urlTemplate\":\"https:\/\/marvimo.com\/?s={search_term_string}\"},\"query-input\":{\"@type\":\"PropertyValueSpecification\",\"valueRequired\":true,\"valueName\":\"search_term_string\"}}],\"inLanguage\":\"es\"}]}<\/script>\n<!-- \/ Yoast SEO plugin. -->","yoast_head_json":{"title":"Condicions est\u00e0ndard de serveis - Marvimo Hospitality","robots":{"index":"index","follow":"follow","max-snippet":"max-snippet:-1","max-image-preview":"max-image-preview:large","max-video-preview":"max-video-preview:-1"},"canonical":"https:\/\/marvimo.com\/?page_id=1365","og_locale":"es_ES","og_type":"article","og_title":"Condicions est\u00e0ndard de serveis - Marvimo Hospitality","og_description":"Condicions est\u00e0ndard de serveis questes condicions s\u2019apliquen als serveis professionals prestats per Marvimo, llevat que s\u2019acordi el contrari per escrit. Naturalesa del servei Marvimo presta serveis de consultoria operativa, direcci\u00f3 d\u2019operacions externa i acompanyament directiu. Els serveis es basen en criteri professional, experi\u00e8ncia i dedicaci\u00f3, per\u00f2 no garanteixen resultats econ\u00f2mics concrets. Obligacions de Marvimo Prestar [&hellip;]","og_url":"https:\/\/marvimo.com\/?page_id=1365","og_site_name":"Marvimo Hospitality","article_modified_time":"2026-02-25T22:57:34+00:00","twitter_card":"summary_large_image","twitter_misc":{"Tiempo de lectura":"1 minuto"},"schema":{"@context":"https:\/\/schema.org","@graph":[{"@type":"WebPage","@id":"https:\/\/marvimo.com\/?page_id=1365","url":"https:\/\/marvimo.com\/?page_id=1365","name":"Condicions est\u00e0ndard de serveis - Marvimo Hospitality","isPartOf":{"@id":"https:\/\/marvimo.com\/#website"},"datePublished":"2026-02-24T12:16:07+00:00","dateModified":"2026-02-25T22:57:34+00:00","breadcrumb":{"@id":"https:\/\/marvimo.com\/?page_id=1365#breadcrumb"},"inLanguage":"es","potentialAction":[{"@type":"ReadAction","target":["https:\/\/marvimo.com\/?page_id=1365"]}]},{"@type":"BreadcrumbList","@id":"https:\/\/marvimo.com\/?page_id=1365#breadcrumb","itemListElement":[{"@type":"ListItem","position":1,"name":"Portada","item":"https:\/\/marvimo.com\/"},{"@type":"ListItem","position":2,"name":"Condicions est\u00e0ndard de serveis"}]},{"@type":"WebSite","@id":"https:\/\/marvimo.com\/#website","url":"https:\/\/marvimo.com\/","name":"Marvimo Hospitality","description":"Consultoria y Advisory de Operaciones para Restauraci\u00f3n","potentialAction":[{"@type":"SearchAction","target":{"@type":"EntryPoint","urlTemplate":"https:\/\/marvimo.com\/?s={search_term_string}"},"query-input":{"@type":"PropertyValueSpecification","valueRequired":true,"valueName":"search_term_string"}}],"inLanguage":"es"}]}},"_links":{"self":[{"href":"https:\/\/marvimo.com\/index.php?rest_route=\/wp\/v2\/pages\/1365","targetHints":{"allow":["GET"]}}],"collection":[{"href":"https:\/\/marvimo.com\/index.php?rest_route=\/wp\/v2\/pages"}],"about":[{"href":"https:\/\/marvimo.com\/index.php?rest_route=\/wp\/v2\/types\/page"}],"author":[{"embeddable":true,"href":"https:\/\/marvimo.com\/index.php?rest_route=\/wp\/v2\/users\/2"}],"replies":[{"embeddable":true,"href":"https:\/\/marvimo.com\/index.php?rest_route=%2Fwp%2Fv2%2Fcomments&post=1365"}],"version-history":[{"count":7,"href":"https:\/\/marvimo.com\/index.php?rest_route=\/wp\/v2\/pages\/1365\/revisions"}],"predecessor-version":[{"id":1444,"href":"https:\/\/marvimo.com\/index.php?rest_route=\/wp\/v2\/pages\/1365\/revisions\/1444"}],"wp:attachment":[{"href":"https:\/\/marvimo.com\/index.php?rest_route=%2Fwp%2Fv2%2Fmedia&parent=1365"}],"curies":[{"name":"wp","href":"https:\/\/api.w.org\/{rel}","templated":true}]}}